{"id":56,"date":"2019-10-06T13:25:40","date_gmt":"2019-10-06T11:25:40","guid":{"rendered":"http:\/\/aikido-slam.org\/?page_id=56"},"modified":"2026-04-22T10:40:49","modified_gmt":"2026-04-22T08:40:49","slug":"actualites-et-stages","status":"publish","type":"page","link":"https:\/\/aikido-slam.org\/?page_id=56","title":{"rendered":"ACTUALITES ET STAGES"},"content":{"rendered":"\n<p class=\"has-white-color has-text-color\">.<\/p>\n\n\n\n<p><strong>\u00c9v\u00e9nement \u00e0 venir :<\/strong><\/p>\n\n\n\n<p>10\/05\/2026 &#8211; Stage anim\u00e9 par Elisabeth Penissard, 5\u00e8me Dan, et Laurence Chedorge, 4\u00e8me Dan.<\/p>\n\n\n\n<p>Horaires : 9H30 \u2013 12h30<\/p>\n\n\n\n<figure class=\"wp-block-image size-large\"><img loading=\"lazy\" width=\"602\" height=\"1024\" src=\"https:\/\/aikido-slam.org\/wp-content\/uploads\/2026\/04\/Capture-decran-2026-04-22-104016-602x1024.png\" alt=\"\" class=\"wp-image-586\" srcset=\"https:\/\/aikido-slam.org\/wp-content\/uploads\/2026\/04\/Capture-decran-2026-04-22-104016-602x1024.png 602w, https:\/\/aikido-slam.org\/wp-content\/uploads\/2026\/04\/Capture-decran-2026-04-22-104016-176x300.png 176w, https:\/\/aikido-slam.org\/wp-content\/uploads\/2026\/04\/Capture-decran-2026-04-22-104016-768x1307.png 768w, https:\/\/aikido-slam.org\/wp-content\/uploads\/2026\/04\/Capture-decran-2026-04-22-104016.png 772w\" sizes=\"(max-width: 602px) 100vw, 602px\" \/><\/figure>\n\n\n\n<p><\/p>\n\n\n\n<p><strong>\u00c9v\u00e9nement ligue et f\u00e9d\u00e9ration :<\/strong><\/p>\n\n\n\n<p>Tout au long de l\u2019ann\u00e9e, de nombreux stages techniques ou d\u2019enseignement sont organis\u00e9s par la ligue et la F\u00e9d\u00e9ration.<\/p>\n\n\n\n<p>Calendrier des \u00e9v\u00e9nements sur la r\u00e9gion : <a href=\"https:\/\/aikido-paysdeloire.org\/evenements-et-stages\/\">https:\/\/aikido-paysdeloire.org\/evenements-et-stages\/<\/a><\/p>\n\n\n\n<p>  <\/p>\n\n\n\n<p class=\"has-large-font-size\"><\/p>\n","protected":false},"excerpt":{"rendered":"<p>. \u00c9v\u00e9nement \u00e0 venir : 10\/05\/2026 &#8211; Stage anim\u00e9 par Elisabeth Penissard, 5\u00e8me Dan, et Laurence Chedorge, 4\u00e8me Dan. Horaires&hellip;<\/p>\n","protected":false},"author":1,"featured_media":0,"parent":0,"menu_order":0,"comment_status":"closed","ping_status":"closed","template":"","meta":[],"_links":{"self":[{"href":"https:\/\/aikido-slam.org\/index.php?rest_route=\/wp\/v2\/pages\/56"}],"collection":[{"href":"https:\/\/aikido-slam.org\/index.php?rest_route=\/wp\/v2\/pages"}],"about":[{"href":"https:\/\/aikido-slam.org\/index.php?rest_route=\/wp\/v2\/types\/page"}],"author":[{"embeddable":true,"href":"https:\/\/aikido-slam.org\/index.php?rest_route=\/wp\/v2\/users\/1"}],"replies":[{"embeddable":true,"href":"https:\/\/aikido-slam.org\/index.php?rest_route=%2Fwp%2Fv2%2Fcomments&post=56"}],"version-history":[{"count":35,"href":"https:\/\/aikido-slam.org\/index.php?rest_route=\/wp\/v2\/pages\/56\/revisions"}],"predecessor-version":[{"id":587,"href":"https:\/\/aikido-slam.org\/index.php?rest_route=\/wp\/v2\/pages\/56\/revisions\/587"}],"wp:attachment":[{"href":"https:\/\/aikido-slam.org\/index.php?rest_route=%2Fwp%2Fv2%2Fmedia&parent=56"}],"curies":[{"name":"wp","href":"https:\/\/api.w.org\/{rel}","templated":true}]}}

<p class="has-white-color has-text-color">.</p>



<p><strong>Événement à venir :</strong></p>



<p>10/05/2026 &#8211; Stage animé par Elisabeth Penissard, 5ème Dan, et Laurence Chedorge, 4ème Dan.</p>



<p>Horaires : 9H30 – 12h30</p>



<figure class="wp-block-image size-large"><img loading="lazy" width="602" height="1024" src="https://aikido-slam.org/wp-content/uploads/2026/04/Capture-decran-2026-04-22-104016-602x1024.png" alt="" class="wp-image-586" srcset="https://aikido-slam.org/wp-content/uploads/2026/04/Capture-decran-2026-04-22-104016-602x1024.png 602w, https://aikido-slam.org/wp-content/uploads/2026/04/Capture-decran-2026-04-22-104016-176x300.png 176w, https://aikido-slam.org/wp-content/uploads/2026/04/Capture-decran-2026-04-22-104016-768x1307.png 768w, https://aikido-slam.org/wp-content/uploads/2026/04/Capture-decran-2026-04-22-104016.png 772w" sizes="(max-width: 602px) 100vw, 602px" /></figure>



<p></p>



<p><strong>Événement ligue et fédération :</strong></p>



<p>Tout au long de l’année, de nombreux stages techniques ou d’enseignement sont organisés par la ligue et la Fédération.</p>



<p>Calendrier des événements sur la région : <a href="https://aikido-paysdeloire.org/evenements-et-stages/">https://aikido-paysdeloire.org/evenements-et-stages/</a></p>



<p>  </p>



<p class="has-large-font-size"></p>

<p>. Événement à venir : 10/05/2026 &#8211; Stage animé par Elisabeth Penissard, 5ème Dan, et Laurence Chedorge, 4ème Dan. Horaires&hellip;</p>
