{"id":67,"date":"2019-10-06T13:59:54","date_gmt":"2019-10-06T11:59:54","guid":{"rendered":"http:\/\/aikido-slam.org\/?page_id=67"},"modified":"2025-06-16T08:59:14","modified_gmt":"2025-06-16T06:59:14","slug":"les-cours","status":"publish","type":"page","link":"https:\/\/aikido-slam.org\/?page_id=67","title":{"rendered":"LES COURS \/ CONTACT"},"content":{"rendered":"\n<p class=\"has-white-color has-text-color\">.<\/p>\n\n\n\n<p>Notre Club est situ\u00e9 en Loire Atlantique au Sud de Nantes dans la villes du Bignon. N&#8217;h\u00e9sitez pas \u00e0 nous contacter pour toute demande d&#8217;information.<\/p>\n\n\n\n<p>Vous trouverez plus bas o\u00f9 nous contacter, ainsi que notre Flyer.<\/p>\n\n\n\n<p>Il est possible de venir faire gratuitement 3 cours d&#8217;essai.<\/p>\n\n\n\n<p><strong>T\u00e9l 1 : <\/strong>06 23 17 39 80<\/p>\n\n\n\n<p><strong><strong>T\u00e9l 2 :<\/strong><\/strong> 07 71 26 24 11<\/p>\n\n\n\n<p><strong>Email principal :<\/strong> fmenz@hotmail.fr<\/p>\n\n\n\n<p><strong>Email bis :<\/strong> contact@aikido-slam.org<\/p>\n\n\n\n<p class=\"has-white-color has-text-color\">.<\/p>\n\n\n\n<p class=\"has-text-color\" style=\"color:#ce9d6e\"><strong>Adresse Dojo du Bignon:<\/strong> <\/p>\n\n\n\n<p>Complexe sportif, rue du stade, 44140 Le Bignon<\/p>\n\n\n\n<p class=\"has-white-color has-text-color\">..<\/p>\n\n\n\n<p class=\"has-text-color\" style=\"color:#ce9d6e\"><strong>Cours :<\/strong><\/p>\n\n\n\n<p>Mercredi 19h &#8211; 21h (Dojo du Bignon)<\/p>\n\n\n\n<p>Samedi 9h30 &#8211; 11h30 (Dojo du Bignon)<\/p>\n\n\n\n<p><strong>Cours :<\/strong><\/p>\n\n\n\n<p class=\"has-text-color\" style=\"color:#ce9d6e\"><strong>Cours suppl\u00e9mentaires :<\/strong><\/p>\n\n\n\n<p>Des cours suppl\u00e9mentaires, d\u00e9di\u00e9s aux armes, sont organis\u00e9s le vendredi soir. Ces cours, fix\u00e9s de fa\u00e7on ponctuelle, sont communiqu\u00e9s au club, au fil de la saison.<\/p>\n\n\n\n<p class=\"has-white-color has-text-color\"> .<\/p>\n\n\n\n<p class=\"has-white-color has-text-color\"> .<\/p>\n\n\n\n<p>Vous retrouverez ci-dessous, notre Flyer, avec toutes les informations :<\/p>\n\n\n\n<figure class=\"wp-block-image size-large\"><img loading=\"lazy\" width=\"559\" height=\"794\" src=\"https:\/\/aikido-slam.org\/wp-content\/uploads\/2023\/08\/flyers_aikido-fin_2023.png\" alt=\"\" class=\"wp-image-428\" srcset=\"https:\/\/aikido-slam.org\/wp-content\/uploads\/2023\/08\/flyers_aikido-fin_2023.png 559w, https:\/\/aikido-slam.org\/wp-content\/uploads\/2023\/08\/flyers_aikido-fin_2023-211x300.png 211w\" sizes=\"(max-width: 559px) 100vw, 559px\" \/><\/figure>\n","protected":false},"excerpt":{"rendered":"<p>. Notre Club est situ\u00e9 en Loire Atlantique au Sud de Nantes dans la villes du Bignon. N&#8217;h\u00e9sitez pas \u00e0&hellip;<\/p>\n","protected":false},"author":1,"featured_media":0,"parent":0,"menu_order":0,"comment_status":"closed","ping_status":"closed","template":"","meta":[],"_links":{"self":[{"href":"https:\/\/aikido-slam.org\/index.php?rest_route=\/wp\/v2\/pages\/67"}],"collection":[{"href":"https:\/\/aikido-slam.org\/index.php?rest_route=\/wp\/v2\/pages"}],"about":[{"href":"https:\/\/aikido-slam.org\/index.php?rest_route=\/wp\/v2\/types\/page"}],"author":[{"embeddable":true,"href":"https:\/\/aikido-slam.org\/index.php?rest_route=\/wp\/v2\/users\/1"}],"replies":[{"embeddable":true,"href":"https:\/\/aikido-slam.org\/index.php?rest_route=%2Fwp%2Fv2%2Fcomments&post=67"}],"version-history":[{"count":35,"href":"https:\/\/aikido-slam.org\/index.php?rest_route=\/wp\/v2\/pages\/67\/revisions"}],"predecessor-version":[{"id":573,"href":"https:\/\/aikido-slam.org\/index.php?rest_route=\/wp\/v2\/pages\/67\/revisions\/573"}],"wp:attachment":[{"href":"https:\/\/aikido-slam.org\/index.php?rest_route=%2Fwp%2Fv2%2Fmedia&parent=67"}],"curies":[{"name":"wp","href":"https:\/\/api.w.org\/{rel}","templated":true}]}}